 = -3*j, 3*x - 284 = -5*j + 6*x. What are the prime factors of j?
2, 29
Let v(o) = -o**3 + 8*o**2 - 2*o - 13. List the prime factors of v(7).
2, 11
Suppose -2*t = -24 + 2. What are the prime factors of t?
11
List the prime factors of 12493/91 - (-1)/7*-2.
137
Let b(i) = -i**3 - 11*i**2 - 14*i + 29. List the prime factors of b(-10).
3, 23
Let d(b) = 2*b**2 - 4*b + 28. What are the prime factors of d(-6)?
2, 31
Let d = 52 + -25. What are the prime factors of d?
3
Suppose n - 6*n - 5*c = 35, -3*n + 3*c - 9 = 0. Let z = -6 - n. List the prime factors of (8 - 1) + 0 - z.
2
Suppose g - 5*m = 15, -m - 15 = 4*m. Suppose g = -4*p + 2 + 34. List the prime factors of p.
3
Let k(h) = -11*h + 4. What are the prime factors of k(-2)?
2, 13
Let w = -57 - -94. What are the prime factors of w?
37
Let u be 4/(-14) - 74/(-14). Suppose 3*n - u - 4 = 0. What are the prime factors of n?
3
Let g be (-1 - 14/(-4))*-2. Let t(y) = -2*y - 4. Let q be t(g). Suppose -q = -5*z + 44. List the prime factors of z.
2, 5
Suppose -4*i + 334 = -5*c - 300, i = -5*c + 171. List the prime factors of i.
7, 23
Let d(l) = -l**3 - 5*l**2 + 4*l - 7. Let h be d(-6). Suppose -2*s - 14 = h*f, 4*s = f - 2*f - 10. List the prime factors of s + 2 - (-11 - -2).
3
Let g be (-10)/15*(-42)/4. Suppose 4*u + 40 = 5*d, -5*d - g*u + 80 = -3*u. List the prime factors of d.
2, 3
Suppose -5 = -3*o + 1. Suppose -5 = -v + o. List the prime factors of v.
7
Let z(g) be the third derivative of -g**4/24 + 3*g**3/2 - 5*g**2. What are the prime factors of z(7)?
2
Suppose -9 = -3*s + 2*u, -4*s + 6 = -2*u - 4. Suppose s = m + 5. What are the prime factors of (-1 - m) + 0 + 6?
3
Let n(l) = l**2 - 5*l + 2. Suppose 2*j + 0*j = -8. Let p = j + 9. What are the prime factors of n(p)?
2
Let o(y) = -12*y**3 - 1. Let c be o(-1). Suppose -c = -4*r + 25. List the prime factors of r.
3
Let u(q) = -q**3 + 6*q**2 - 8*q - 2. Let k be u(4). List the prime factors of (8/2)/((-1)/k).
2
Suppose 5*t = 186 - 61. What are the prime factors of t?
5
Let j = -10 - -4. Let z(l) = l - 1. Let s(k) = k - 1. Let d(x) = -7*s(x) + 6*z(x). What are the prime factors of d(j)?
7
Let n = -217 - -388. Suppose 0 = -5*x - 6 + n. What are the prime factors of (2/(-3))/((-2)/x)?
11
Let c = 3 - 2. Suppose -5*p = a + c, 0*a = 5*a - 2*p + 32. Let m = a + 8. List the prime factors of m.
2
Suppose -2*h - 3 = -h. What are the prime factors of 20/(-6)*(h + 0)?
2, 5
Let a(x) = -42*x**3 - x - 1. Let u be a(-1). Suppose 0*p - u = p. List the prime factors of (p/(-3))/2 - -3.
2, 5
Suppose 2*k = c + c + 138, k - 2*c = 67. What are the prime factors of k?
71
Let x = 18 + -11. Suppose 175 = 12*z - x*z. List the prime factors of z.
5, 7
Let o(w) = 13*w - 19. List the prime factors of o(7).
2, 3
List the prime factors of (-4)/(-1) + 216 + 12/2.
2, 113
Suppose 0 = 5*k, 2*k + 743 - 93 = 5*t. List the prime factors of t.
2, 5, 13
Let b(r) = 2*r**2 + 1. Let y be b(-1). Suppose 0 = -y*m + 8*m - 300. List the prime factors of m.
2, 3, 5
Let s(x) be the third derivative of x**4/24 + 5*x**3/2 - 2*x**2. What are the prime factors of s(14)?
29
Let v(k) = -12*k**2 + 10*k - 2. Let o(s) = -35*s**2 + 29*s - 5. Let i(w) = 6*o(w) - 17*v(w). Let p be i(5). What are the prime factors of p/24*16/(-6)?
2, 7
Let h(s) = -s - 3. Suppose -4*j = 6 + 6. Let m be h(j). Suppose 4 = 4*p, 3*p - 23 = -m*i - 2*i. What are the prime factors of i?
2, 5
Let g = 9 + -7. What are the prime factors of g?
2
Let f(u) = u**2 + 9*u. Let w be f(-9). Suppose -4*q - 5*v + 105 = -w*q, -4*q + 95 = 3*v. What are the prime factors of q?
2, 5
Let i be -4 + 9 - (3 + -1). Suppose 1 = i*n - 5. List the prime factors of ((-22)/4)/(n/(-4)).
11
Let n(p) = -4*p**3 + 2*p**2 - 1. Let v be n(-1). Suppose y - 15 = -5*i + 5, -4*i + v = 3*y. What are the prime factors of i?
5
Suppose 57*d + 235 = 62*d. What are the prime factors of d?
47
Let w be 118/10 - 4/(-20). Suppose -4*v + 6*v = 5*y - 38, 3*v - w = -4*y. List the prime factors of y.
2, 3
Let t(u) = 4*u**3 - 2*u + 1. What are the prime factors of t(1)?
3
Suppose -3*o - 25 = -8*o. Suppose 3*n - 5*n = -3*m + 8, o*m - 4*n = 14. Suppose 3*a + 14 = m*y, -3*y + 20 = -a - 8. List the prime factors of y.
2, 5
List the prime factors of 1 + 126 - (2 + -3).
2
Suppose -8 = -5*g + 2. What are the prime factors of g*8 + (-21)/7?
13
Let c(i) be the second derivative of 0 - 1/20*i**5 - 7/12*i**4 + 4/3*i**3 - i + 3*i**2. What are the prime factors of c(-8)?
2, 3
Let o = -55 + 132. List the prime factors of o.
7, 11
Let s be 1*-1*(-1 + -2). Let f be (-1)/(-2)*0/4. Suppose -s = -j - f*j. What are the prime factors of j?
3
Let b be (6/(-9))/(4/114). List the prime factors of b*(-4)/8*4.
2, 19
Suppose -2*u + p + 4 = 0, u - 2 + 7 = 4*p. Suppose l - r - 5 = 0, l - 2*r = -3*r + u. List the prime factors of 23/l - 2/(-8).
2, 3
Suppose -g + 24 + 20 = t, -4*g + 3*t + 190 = 0. List the prime factors of g.
2, 23
Suppose 2*z = 220 - 26. List the prime factors of z.
97
Suppose -20 = -9*v + 4*v. Suppose 0*m + 132 = v*m. What are the prime factors of m?
3, 11
Suppose 0 = -2*p + 5*x, -2*x = 2*p - 5*x - 4. Suppose -s + 4*s = -m - 1, 2*s + 12 = p*m. Suppose -7*j = -m*j - 20. What are the prime factors of j?
2
Let b(q) = -q**3 - q**2 + 5. Suppose 4*j = -0*j. What are the prime factors of b(j)?
5
Let i be -6*1/(-2) - 1. Let x = -3 + 11. Suppose 2*t = -i*t + x. What are the prime factors of t?
2
Suppose -t = -2*t. Suppose -3*f - 42 = -4*l, t = -4*l - l + 3*f + 54. What are the prime factors of l?
2, 3
Suppose 2*p - 14 + 0 = 0. Let r(j) = 7*j + 4. List the prime factors of r(p).
53
Suppose -5*b = 4*i - 447, b = -i - 0*b + 112. What are the prime factors of i?
113
Let g = -4 - -7. Suppose 0*j + 85 = 5*j + 5*h, -g*h = -6. Suppose a = 6*a - j. What are the prime factors of a?
3
Suppose -o + v + 5 = 0, 25 = -2*o - 0*v - 5*v. Suppose o = 2*p + 4*w - 20, -w + 4*w = -2*p + 25. List the prime factors of p.
2, 5
Suppose -1 + 73 = 3*m. List the prime factors of m.
2, 3
Suppose 6*p = -2*f + 4*p - 2, 3*p + 27 = 5*f. Suppose -3*h = -f*q - 42, 2*h + 6 - 20 = -5*q. What are the prime factors of h?
2, 3
Let n(s) = s + 2. Suppose -i + 4 = 0, 2*d + 2*d = 3*i - 12. List the prime factors of n(d).
2
Let l(a) = a**2 + 9*a + 6. Let z be l(-4). Let m be 12/(-60) - (-111)/5. Let s = z + m. List the prime factors of s.
2
Suppose 0 = -5*h + h. What are the prime factors of h - (1 - (17 - 3))?
13
Let k(r) = 3*r - 29. What are the prime factors of k(15)?
2
Let h(q) = -q**3 - 5*q**2 - 5*q - 4. What are the prime factors of h(-5)?
3, 7
Let r(m) = -168*m - 3. What are the prime factors of r(-2)?
3, 37
Suppose z = 4*z - 12. Suppose -z*x + 0*x = -8. Suppose x = t - 3. List the prime factors of t.
5
Suppose 5*b = 5*r + 285, -r = -3*b + r + 174. What are the prime factors of b?
2, 3, 5
Let d(h) = -11*h + 6. List the prime factors of d(-4).
2, 5
Suppose 0*q + 3*q = c - 9, -4*c - 2*q = -8. Suppose 51 = 2*a + c*x, 0 = -2*a - x + 4*x + 33. List the prime factors of a.
3, 7
Let u = 3 - 2. Let t be 1/(u/(-2) - -1). Suppose t*b + 10 = 7*b. What are the prime factors of b?
2
Let r(j) = -9*j - 8 + 2 + 2 + 1. Let s be r(-3). Suppose -4*i + s = i - 4*k, 2*i - 5*k = 13. What are the prime factors of i?
2
Let j = 53 + -25. List the prime factors of j.
2, 7
Suppose 2*f - 4*i + 64 = 0, 5*i = -0*i - 25. Let q = -24 - f. List the prime factors of q.
2, 3
Let z(f) = f**3 - f**2 - 9*f - 4. Let s be z(-6). Let j be s/8 + (-3)/(-12). List the prime factors of j/(-3) + (-1)/3.
2
Suppose 4*k - 18 = -2*c, 5*c - 4*k - 45 = k. Let p be 0*(2 - c/3). Suppose 2*b = -p + 18. List the prime factors of b.
3
Let i(k) be the second derivative of k**4/12 - 5*k**3/6 + k**2/2 + k. List the prime factors of i(6).
7
Let g(o) = 10*o - 1 - 5*o + 0. List the prime factors of g(2).
3
Let r = -1 - -8. Let g = 33 - r. List the prime factors of g.
2, 13
Let v = 22 + -6. Let n = v + -9. List the prime factors of n.
7
Let v(m) be the third derivative of 23*m**5/60 - m**4/12 + m**3/6 - m**2. List the prime factors of v(1).
2, 11
Suppose 0 = -5*q + 2*q + 138. What are the prime factors of q?
2, 23
Suppose -22 - 2 = -3*m. Suppose g - 3*k = 2*k + 11, 4*g = 4*k + 28. Suppose -g - m = -2*o. What are the prime factors of o?
7
Let f be (-2)/(-6) - (-122)/(-6). Let m be 30/8 - 5/f. Suppose -m*i = 26 - 